*d + 3*y - n. What are the prime factors of d?
13
Suppose 3*n - 71 = 121. List the prime factors of n.
2
Suppose 200 = 3*t + t + 4*z, -2*z = t - 48. Suppose 3*s + 2*m - t = 0, 0*s - m = -s + 19. List the prime factors of s.
2, 3
Suppose 11*y = 1691 + 102. What are the prime factors of y?
163
Let f = -11 - -13. Let t = f + 6. What are the prime factors of t?
2
Suppose -6*q = -4*q. Suppose -4*d + f + 106 = q, -4 = 3*f - f. List the prime factors of d.
2, 13
Let d be -1 + -20 + (-1 - 1). Let u = -11 - d. List the prime factors of u.
2, 3
Let u be 0/(-2 + -2 + 6). Suppose -p + 2 = -6. Suppose 4*f + p = 2*g, 5*g - 4*f - 38 = -u*g. List the prime factors of g.
2, 5
Let k(r) = -2*r**2 - 20*r + 6. What are the prime factors of k(-9)?
2, 3
Let s be 16/(3 + 2 + -4). Suppose 3*u - s = u. List the prime factors of u.
2
Let v = -14 - -5. Let w = 15 + v. Let c = -3 + w. List the prime factors of c.
3
Suppose -5*t - 2*x + 4*x + 165 = 0, 0 = -2*x. Suppose t = 3*p + 5*b, -p - 2*p + 5*b + 63 = 0. List the prime factors of p.
2
Suppose 2*d + 5 = -3*d. Let b be (3 + -2)/(0 - 1). List the prime factors of 0 + 10 + b/d.
11
Let s = -14 - -31. Let a = 31 - s. Suppose a = 2*b - 10. What are the prime factors of b?
2, 3
Suppose -4 + 6 = x. Let l = 3 - 2. Let n = l + x. List the prime factors of n.
3
Suppose 3*d = 2*t - 22, 0*d + t + 28 = -5*d. Let y = 13 + d. What are the prime factors of y?
7
Let n(u) be the third derivative of u**4/2 + u**3/3 + 3*u**2. List the prime factors of n(2).
2, 13
Let t(x) = x + 2. Let f(m) = m - 5. Let k be f(5). What are the prime factors of t(k)?
2
Suppose -5*q - 2*c = -316, -q - 2*c - 56 = -2*q. What are the prime factors of q?
2, 31
Let h = 247 + -114. List the prime factors of h.
7, 19
Suppose 3 + 12 = 5*h. Suppose -h*a - 2*a + 45 = 0. What are the prime factors of a?
3
Suppose -3*i = 2*i - 100. What are the prime factors of i?
2, 5
Let f(d) = -52*d - 39. What are the prime factors of f(-6)?
3, 7, 13
Let s(j) = j**2 + 3. List the prime factors of s(4).
19
Suppose 0 = 3*s - 60 - 0. List the prime factors of s.
2, 5
Let r be 3*(-2 + 9/3). Let h(c) = -11*c**2 + 2*c**3 - 4 - c - 2 - 3*c**r + 2*c**2. What are the prime factors of h(-9)?
3
Let x(g) = g - 2. Let s be x(6). Suppose 0*h - 92 = -2*h + 2*m, s*h - m = 172. List the prime factors of h.
2, 3, 7
Suppose 4*a + 0*t - 11 = -3*t, 10 = -a - 5*t. Let z(r) = -r**3 - 3*r**2 + 3*r - 2. Let b be z(-4). Suppose -s = -a - b. What are the prime factors of s?
7
What are the prime factors of (-8)/((-4)/1) - -13?
3, 5
Suppose 0*t + 3*t - 12 = 0. Suppose b - 3 = -t*z - 6, 4*b + 2*z = 16. What are the prime factors of b?
5
Let o = -1 - -3. Suppose 3*h = o + 10. Suppose -35 = -3*n + 5*t, -2*n - 2*n = h*t - 4. What are the prime factors of n?
5
Suppose 4*v + 7 = -5. Let j(w) = 6*w - 1. Let o be j(v). Let d = o + 32. List the prime factors of d.
13
Suppose 0 = 3*u - 2*o - 94, -5*u + 23 = -4*o - 135. List the prime factors of u.
2, 3, 5
Let n be (-286)/(-8) - (-12)/(-16). Suppose 5*o + 5*r = -0*r - n, -5*o + 4*r = 35. Let s = -1 - o. What are the prime factors of s?
2, 3
Let c be -3 + -31 + -1 + 1. What are the prime factors of -2 - (-2)/(-4)*c?
3, 5
Suppose 0 = -2*l - 17 + 117. Suppose u + u = l. Suppose 3*k + u = 4*a, -5*k + 58 = 5*a - 17. List the prime factors of a.
2, 5
Let x(h) = -34*h - 1. List the prime factors of x(-1).
3, 11
Let d = 4 + -9. Let o(i) = i**3 + i**2 + 10*i - 9. Let s(z) = z**3 + 11*z - 10. Let p(x) = -6*o(x) + 5*s(x). What are the prime factors of p(d)?
2
Suppose 1863 = 19*g - 2298. What are the prime factors of g?
3, 73
Let r be 10/(-1) + (-3)/(-3). Let z(d) = -d**2 - 8*d + 2. Let p be z(r). Let o = 16 + p. What are the prime factors of o?
3
Let z(n) = -n + 6. Let k be z(5). Let s(u) be the first derivative of 7*u**3/3 + u + 1. What are the prime factors of s(k)?
2
What are the prime factors of -6*4/(-16)*74/3?
37
Suppose -t + 0 = -2. Suppose -t*f - 3*o + 6 = -1, -21 = -5*f - 4*o. Suppose 2*d = f*d - 24. What are the prime factors of d?
2
Let z(d) = d**3 - d**2. Let r be z(-1). Let x = -7 - -13. List the prime factors of x*(r/1)/(-2).
2, 3
Suppose 4*l - 5 = 3*z - 4*z, -2*l = -z + 11. What are the prime factors of z?
3
Let q = -134 - -206. What are the prime factors of q?
2, 3
Let o be ((-2)/(-3))/((-1)/(-63)). Let w = o + -24. What are the prime factors of w?
2, 3
Suppose -5*r - 4*d = -9, 0*d - 5*d - 40 = -4*r. Suppose -55 = -0*i + r*i. Let l = i - -22. List the prime factors of l.
11
Let y(s) = -s - 15. Let r be y(-9). Let a = r + 8. What are the prime factors of a?
2
Let w(a) = -28*a**3 - 13*a**2 + 13*a - 4. Let f(o) = 7*o**3 + 3*o**2 - 3*o + 1. Let v(r) = -9*f(r) - 2*w(r). What are the prime factors of v(-2)?
7
Let s(k) = -k**3 + 3*k**2 + k - 1. Let y be s(3). Let h(n) = 4*n**2 - 2*n. List the prime factors of h(y).
2, 3
Let y be 5 + -4 + 2 + 1. Suppose 0 = -r - 2, 4*d - y*r - r - 42 = 0. What are the prime factors of d?
2
Let j = 11 - -10. Suppose -o = -n, 0*o = 4*n + 3*o - j. What are the prime factors of n?
3
Let h(j) = -10*j - 2*j + 3*j - 4. Let l be h(-4). Let v = -21 + l. What are the prime factors of v?
11
Let l(n) = n + 7. Let k = -13 + 19. Let y be l(k). List the prime factors of (-2 - (-2 + 2)) + y.
11
Let n = -133 + 143. List the prime factors of n.
2, 5
Suppose -3*h + 83 = -4*d + 17, -2*h = -4. Let x = d + 27. What are the prime factors of x?
2, 3
Let b(m) = -m**2 + 1. Suppose p - 2*p - 5 = 0, -2*v = 4*p + 20. Let g be b(v). List the prime factors of (g/2)/(5/30).
3
Let c(m) be the third derivative of m**7/2520 - m**6/120 - m**5/60 + m**2. Let g(h) be the third derivative of c(h). List the prime factors of g(5).
2
Suppose -5*l = -3*m + 753, 4*m - 3*l - l - 1004 = 0. What are the prime factors of m?
251
Let n(y) = 2*y + 8. Let r be n(0). Suppose 3*t = -3*x - 6, t + 12 = x - 4*x. Suppose k + i + t = -0, -k - r = 2*i. What are the prime factors of k?
2
Suppose -325 = -5*z + 5*s, -5*s = z - s - 70. Suppose 3*p - z = p. Suppose -4*h - p + 5 = -3*b, -2*b = -3*h - 18. List the prime factors of b.
2, 3
Let q(t) be the third derivative of 3*t**2 + 1/6*t**3 + 0 - 1/60*t**5 + 0*t + 5/24*t**4. List the prime factors of q(4).
5
Let g be (8 - (-3 - -7)) + -1. List the prime factors of 2 - g/((-9)/129).
3, 5
Let f(c) = -3*c**3 - 2*c**2 - 3*c - 3. What are the prime factors of f(-2)?
19
Let u(s) = -s**2 - 5*s + 6. Let p be u(-6). Suppose p*m = -5*m + 30. Suppose -x = -m*x + 25. What are the prime factors of x?
5
Let t(h) = -h**2 + 7*h. Let u be t(7). Let z = -19 + 12. List the prime factors of 12/z*(u + -7).
2, 3
Let n(i) = i - 11. Let a be n(5). Suppose -6 = 2*w - 0, 4*w = 5*s + 408. List the prime factors of 2/a - s/9.
3
Suppose -8*t + 89 = -1735. List the prime factors of t.
2, 3, 19
Suppose -i + 13 = 1. Let q(s) = -s**3 + 12*s**2 + 3*s - 5. What are the prime factors of q(i)?
31
Suppose 3*o + 2*w + 0 = -5, 3*o = w - 2. List the prime factors of o*1/(-1)*8.
2
Suppose -4*i - o + 16 = 0, -i + 6 - 2 = 2*o. What are the prime factors of 2/i*-2*-10?
2, 5
Let w(c) = -3*c - c + 5*c + 2 + 2. What are the prime factors of w(12)?
2
Let a be 16 + -2 + (-2)/(-1). Suppose o + 4*o = 0, 4*m - 3*o - a = 0. Suppose s = -m*d + 42, 2*d + 2*s - 20 = s. What are the prime factors of d?
11
Let a(p) = -p**2 - 7*p + 1. Let u be a(-3). Let f = u + 1. What are the prime factors of f?
2, 7
Let l = 0 + 2. Suppose -2*y - y = -c + 8, -l*y = -4. What are the prime factors of c?
2, 7
Suppose -v + 2*v = 15. List the prime factors of v.
3, 5
What are the prime factors of ((-4)/1 + 3)*-1 + 201?
2, 101
What are the prime factors of 1 - 1 - -1*936/9?
2, 13
Let v = -115 + 195. Suppose 4*y - 5 = 3. Suppose -y*w = -7*w + v. List the prime factors of w.
2
Let s be (-1 + -1)*11/(-22). Suppose -3*a + 24 = 3*r, -2*r + 6 = 5*a - s. What are the prime factors of r?
11
Suppose 0*k + 5*k - 20 = 0. Let y = k - 0. Suppose p = -y*p + 15. What are the prime factors of p?
3
Let j(o) = o + 3. Suppose 2*z - z + 4 = 0. Let s be j(z). What are the prime factors of ((-15)/6)/(s/6)?
3, 5
Let n(o) = -2*o**2 - 9*o + 10. Let v be n(-7). Let t = 41 + v. What are the prime factors of t?
2
Suppose 120 = 3*g + 2*g. List the prime factors of g.
2, 3
Let n(k) be the third derivative of k**4/24 + 11*k**3/6 - k**2. Let a(x) = -x + 6. Let z be